9)/2*r/2. Suppose 4*h - u = j, -5*h + 425 = -0*h + 4*j. Is h composite?
False
Let a(g) = -3*g**3 - 5*g**2 - 21*g - 22. Is a(-9) a composite number?
False
Let k(q) be the third derivative of 0 - q**2 + 5/3*q**3 + 0*q - 1/24*q**4. Is k(0) prime?
False
Let a be 2/4 - (-2673)/6. Suppose a = 24*s - 22*s. Is s a prime number?
True
Let y be (-48)/(21/6 + -2). Let r = -21 - y. Let k = 44 - r. Is k a prime number?
False
Suppose 6*h + 4578 = 12*h. Is h a prime number?
False
Suppose -6*f - 6 = -8*f. Let o = -7 + f. Is ((-1)/2)/(o/264) prime?
False
Is (-16)/(-24)*58041/6 prime?
True
Let p(h) be the first derivative of h**5/20 - h**4/3 - 5*h**3/6 + 7*h**2/2 + 3*h - 1. Let b(j) be the first derivative of p(j). Is b(6) a prime number?
False
Let w(u) = -58*u - 3. Is w(-11) a prime number?
False
Suppose 67*j - 69*j + 2302 = 0. Is j composite?
False
Let o(h) = -h**2 - h - 1. Let p(b) = -4*b**2 + 8*b + 8. Let a(c) = -3*o(c) + p(c). Is a(10) a prime number?
False
Let x(m) be the first derivative of 26*m**3/3 + m**2/2 - 2. Suppose -c + 3*c + 2 = 0. Is x(c) composite?
True
Let h(k) = 6*k**3 - k**2 - 2*k + 2. Let m be h(2). Suppose j + j - m = 0. Is j a composite number?
True
Let s(b) = b - 5. Let n be s(5). Suppose 3*y = -6, 4*d + d - 7 = -4*y. Suppose n = 8*z - d*z - 3*p - 412, 2*z = -4*p + 170. Is z a prime number?
True
Let b(o) = -2*o. Let x be b(7). Let k = x + 29. Is k composite?
True
Suppose 3*p - 56 = 3*v + 1, -5*v = 3*p - 73. Let i be (2/(-5))/((-6)/(-30)). Let q = i + p. Is q a prime number?
True
Suppose -r = -53 - 105. Is r prime?
False
Let c be (8/(-12))/((-4)/18). Suppose 5*n - 705 = -g + c*g, 0 = -3*n - 5*g + 392. Let i = n - 84. Is i a prime number?
False
Suppose 5*p = l - 61, -7*l + 365 = -2*l + 5*p. Is l a prime number?
True
Suppose -2*l - 8 = 0, 0 = -t - 3*l - 12. Suppose 286 = -t*k + 2*k. Is k a prime number?
False
Let u(o) = -o**3 - 4*o**2 + 6*o + 5. Let x be u(-5). Suppose 5*p - 4*z + 1 = 7, x = 5*p - z - 9. Suppose -3*w - p*i = -5*w + 18, 23 = 3*w - 4*i. Is w composite?
False
Let i(l) = -l**3 - 6*l**2 + 7*l - 2. Let d be i(-7). Is (259/2)/(-7)*d prime?
True
Let x be (1 - 2) + (-6 - -6). Is (-23)/(((-2)/(-38))/x) a prime number?
False
Is 4 + (-145085)/(-25) + 4/(-10) prime?
True
Let i(c) = 12*c - 4. Let k(d) = 13*d - 5. Let f(r) = 6*i(r) - 5*k(r). Is f(3) a composite number?
True
Suppose 4*a - y = 495, -119 = -a + 2*y + 3*y. Suppose -3*d = -a + 13. Is d/(-1 - -2) - 2 prime?
False
Suppose 74 - 278 = -2*d. Suppose -2*a - d = -a. Let f = -65 - a. Is f prime?
True
Let q(p) = -p + 1. Let b be q(-3). Suppose -x - 80 = -s, b*s - 207 = -5*x + 140. Is s prime?
True
Let d(r) = r**3 + 29*r**2 + 10*r - 7. Is d(-25) a prime number?
True
Suppose -4*m - x - 3 = -2*m, 2*x = 2*m - 12. Let y(u) = 129*u**2 + u - 1. Is y(m) prime?
False
Suppose 1123 = 3*b - 2*f, -4*b + 1806 - 286 = 3*f. Is b composite?
True
Let r = -1 + 2. Let w be (-413)/(-3) - r/(-3). Let t = 287 - w. Is t prime?
True
Let w be ((-368)/(-40))/(2/5). Let t = w - -35. Is t composite?
True
Let f(v) = -v**2 - 13*v - 29. Let d(k) = -6*k - 15. Let a(c) = -c**2 + 3*c + 2. Let y be a(4). Let m(x) = y*f(x) + 5*d(x). Is m(12) composite?
False
Let f(j) = j**3 - 5*j - 9. Let y be f(7). Let r = -142 + y. Is r a prime number?
True
Suppose 3*q - 7*q + 808 = 0. Suppose -2*l = -4*y + q, -y - 2*l - l = -68. Is y a prime number?
True
Let p(u) = u + 2. Let y be p(-5). Let m(t) be the second derivative of -t**5/5 - t**3/3 - 3*t**2/2 + 7*t. Is m(y) composite?
True
Let q(u) = 6*u**2 + 0*u + 1 - 4*u - u**3 + 6*u. Let o(d) = -d**2 - 8*d - 6. Let m be o(-6). Is q(m) a prime number?
True
Let o = 19699 - 12920. Is o composite?
False
Suppose 2*v = 2*p + 32, 2*p = -p - 3. Is 153/v + 1/(-5) a prime number?
False
Suppose 3*p = 2*p + 6. Suppose 2*i - p - 2 = 0. Suppose 26 = -i*n + 342. Is n prime?
True
Let j be 3*(-2 - (-5)/3). Let s be (-4)/(12/21)*j. Suppose p + 7 = a - s, -a = 4*p - 14. Is a a composite number?
True
Let x(c) = -c - 3. Let i be x(-5). Suppose -i*d + 5*d = -111. Let j = 58 + d. Is j a prime number?
False
Suppose -2*j = -s - 2793, j - 433 - 956 = 2*s. Is j composite?
False
Let y(p) = -82*p + 5. Let m(z) = -1. Let u(d) = 4*m(d) + y(d). Suppose -2*o + 4*x + 6 = 0, -x - 10 = 4*x. Is u(o) a prime number?
True
Suppose 2 = 3*h + 4*n, 5*n + 10 - 3 = h. Let d = h + 2. Suppose p - b = 26, 4*p = -b + d*b + 99. Is p a composite number?
True
Let m be 4/(-14) - (-30)/7. Let z(j) = 2*j + 5. Let f be z(m). Suppose -f + 105 = 2*t. Is t a prime number?
False
Let g(m) = m**2 - 12*m + 3. Let d be g(12). Let p(f) = f**3 - 3*f + 4*f - d*f**2 - 4 - f**2 - 2*f. Is p(6) a prime number?
False
Let i(k) = k. Let s(f) = -38*f + 30. Let l(q) = -13*q + 10. Let p(r) = -11*l(r) + 4*s(r). Let z(o) = 2*i(o) - p(o). Is z(7) prime?
True
Let l be ((-2)/3)/(10/(-15)). Let y = 2 + l. Suppose -y*r - 74 = -5*r. Is r a prime number?
True
Let d = 5 + -3. Suppose 2*q + 150 = 4*q - 4*x, d*x = -2*q + 180. Is q a composite number?
True
Suppose 0 = 3*t - 3*f - 2601, 4*t - 1641 - 1851 = -2*f. Let c = t - 612. Is c a composite number?
True
Let k = 819 + -488. Is k a composite number?
False
Is (254/8)/((-2)/(-8)) composite?
False
Let p(m) = 2*m**3 - 3*m**2 - m. Let c(h) = h**3 - 2*h**2 - 2*h. Let d(f) = -3*c(f) + 2*p(f). Is d(3) composite?
True
Suppose 2*m = 4*j + 3058, -m - 190 = -5*j - 1707. Is m a prime number?
False
Let s(c) = -1563*c + 4. Is s(-1) a prime number?
True
Let h(j) = -2*j - 7. Let c be h(-5). Let d be (3/(-6))/(c/(-60)). Is (-4)/d + 291/15 a prime number?
True
Suppose -1309 = -3*t + 2*p, 5*t - 3*p - 2175 = 2*p. Is t a prime number?
True
Suppose 4*v = 10 - 2. Suppose v*b - 6*b + 164 = 0. Suppose 111 = 5*n + b. Is n a composite number?
True
Let a(o) = -4 + 0*o**2 - 1 + 1 + 3*o + 2*o**2. Is a(3) a prime number?
True
Let j(x) = -4*x**3 - x. Let k be j(1). Is (134/2)/(6 + k) a composite number?
False
Let m(d) = d**2 + 6*d + 4. Let i be m(-6). Suppose -i*w + 6 = -6. Is w a prime number?
True
Let u = -98 - -252. Suppose -5*t - u = y, y - 20 = 6*y. Let x = t + 49. Is x a composite number?
False
Suppose 4*z = 2067 + 649. Is z composite?
True
Let f = -17 - -10. Let m(r) = -r**3 - 7*r**2 - r + 2. Is m(f) a composite number?
True
Suppose x - 3 = -4. Is (x/2)/(1/(-22)) a composite number?
False
Suppose -48 = -5*h - 4*s, 3*h - 2*s + 9 = 29. Suppose -h*j + 3*j + 105 = 0. Is j prime?
False
Let g(l) = 30*l - 1. Let f be g(1). Let y = f + -15. Is y prime?
False
Let t = -220 - -599. Is t a prime number?
True
Suppose -5*b + 16 - 1 = 0. Suppose 0 = 3*d + b*w - 42, -4*d + 3*w + 2*w = -11. Is (11 - 1)*d/6 a composite number?
True
Let c(q) = 61*q - 2. Is c(1) a composite number?
False
Let r = 7 + -3. Suppose r*q = -h + 431, -5*h + 433 = -q - 1806. Suppose 0*z + 3*z = h. Is z a composite number?
False
Let u be 0 - (6 - (-3 - -6)). Is (2 + u)*2 + 61 composite?
False
Suppose 0 = -4*h - l + 4609, -3463 = -8*h + 5*h - 2*l. Is h prime?
True
Suppose 0*k - 5*k = 0. Suppose 2*q = -k*q - 112. Let j = 127 + q. Is j a composite number?
False
Let j(c) = 5*c + 919. Is j(0) a prime number?
True
Suppose 20 + 89 = l. Is l a composite number?
False
Let r(i) = i**3 + i**2 + 127. Is r(0) composite?
False
Suppose -5*r - 4*s = -618, 200 + 301 = 4*r + s. Suppose 3*v - 120 = r. Is v a prime number?
False
Suppose -3*w + 5385 = 2*w - v, -4*w = v - 4308. Is w a prime number?
False
Let h(z) = -7 + 5*z**2 + z + 4*z - 2*z. Is h(-5) a composite number?
False
Suppose -h + 429 = 3*i + 68, -3*h = 2*i - 250. Is i a composite number?
True
Let o = -1 + 0. Let h(d) = 3*d + 1. Let k be h(o). Is (-3)/k*2*19 prime?
False
Suppose 4*r = -4*b + 12, -2*b - 2*b - r = 0. Let k be 20*((-177)/(-15) + b). Suppose -34 = -f + 5*w + 18, -3*f + 3*w + k = 0. Is f a composite number?
True
Suppose -4*v + 450 = 110. Suppose 2*g = x + 11, 3*g = -4*x - 3 + 14. Suppose 0 = g*i - 100 - v. Is i a composite number?
False
Let l(d) = 5*d**3 - d + 1. Let j = 4 + -1. Is l(j) prime?
False
Let b be (-20)/(-6) + 4/(-12). Suppose -2*d + b*d = 138. Suppose 0 = -4*a + 574 - d. Is a composite?
False
Let s(a) = a**2 - a + 5. Let o be s(-4). Let d = 19 + -11. Let j = d + o. Is j composite?
True
Let f = 7 - 5. Let q be (f - -1)/((-9)/(-102)). Suppose -2*k = -34 - q. Is k a prime number?
False
Let p = 22 + 307. Is p composite?
True
Let r = -2